0 - -23. Suppose a = 5*g + y, -86 = -4*a + a - 2*g. What is the remainder when (-20)/(20/(-7))*(-162)/(-21) is divided by a?
26
Let b(a) = 6*a + 47. Let k be b(14). Let f = 156 - k. What is the remainder when 112 is divided by f?
12
Let a = -6100 + 6612. What is the remainder when a is divided by 24?
8
Let g be 11/((3/27)/((-2)/6)). Let m = 118 + g. Let v = m + -56. Calculate the remainder when 113 is divided by v.
26
Suppose 4158 = 5*r + 703. Calculate the remainder when r is divided by 87.
82
Suppose -2*j + 29 = d, -3*j = -4*d + 12 + 16. Calculate the remainder when 231 is divided by d.
10
Let o(q) = q**3 + 14*q**2 - 17*q - 236. Calculate the remainder when 303 is divided by o(-14).
1
Suppose 12 = 4*v, -3*t + 1197 - 471 = 3*v. Calculate the remainder when t is divided by 60.
59
Let n be 2/5 - (13 - (-6189)/(-15)). Let k = n - 387. What is the remainder when 94 is divided by k?
3
Suppose 326 = 6*c + 2*s, 0*c - 4*s = -2*c + 146. Calculate the remainder when c is divided by 2*1/2*11.
2
Let j(v) = -19*v + 39*v + 20 - 29*v. Calculate the remainder when j(-5) is divided by 6.
5
Suppose -15 = -4*a + 25. Suppose -11*u + 5*q = -a*u - 64, -2*q = 2*u - 92. What is the remainder when u is divided by 9?
4
Suppose -3*s = 3*l - 2103, -7*l + 9*l - 2800 = -4*s. Calculate the remainder when s is divided by 138.
9
Let n(m) be the third derivative of 19*m**6/15 - m**5/20 + m**4/12 + 2*m**2 + 38*m. Let x = 80 + -42. What is the remainder when n(1) is divided by x?
37
Let t(f) = 2*f**2 + 29*f - 8. Suppose -4*b - 33 - 19 = 0. Let k be t(b). Calculate the remainder when 108 is divided by (2 - k/(-5))/((-16)/80).
34
Let k(b) = -50*b - 19. Let i be k(-2). Suppose i*q = 78*q + 258. What is the remainder when q is divided by 22?
20
Let f be (168/10)/((-24)/160). Let s(p) = -12*p - 41. Let n be s(-20). Let r = n + f. What is the remainder when r is divided by 44?
43
Suppose -5*x - x = 48. Let h be (x + 8)*1/(-2). Suppose 0 = -5*v - h*v + 160. What is the remainder when 126 is divided by v?
30
Suppose -7*v = 14*v. Suppose 3*k - 9*k - 166 = -5*s, v = 3*s + 3*k - 93. What is the remainder when 121 is divided by s?
25
Let a be -1*(0 + 1)*164/41. What is the remainder when 120 is divided by (-12)/a*(-155)/(-15)?
27
Let h(o) be the first derivative of -o**3/3 - 5*o**2 - 6*o + 42. Calculate the remainder when 19 is divided by h(-9).
1
Let g = 11327 + -11302. Calculate the remainder when 154 is divided by g.
4
Let q(x) = -x**2 - 10*x - 20. Let m be q(-4). Let d be m/10 - 276/15. Let i(w) = w**3 + 18*w**2 - w + 7. Calculate the remainder when 149 is divided by i(d).
24
Calculate the remainder when (-13 - 676/(-39))/(4/22872) is divided by 71.
70
Suppose 15*v = 13*v + 118. Suppose 0 = 2*t + 4*q - 24, -5 = -4*t - 4*q + v. Calculate the remainder when 74 is divided by t.
14
What is the remainder when (-4 + 0)/((-1)/16) is divided by 11/1 + -126 + 132?
13
Let i(q) = 23*q - 8. Let v be i(1). Suppose 0 = -9*a + v*a - 66. Calculate the remainder when 274 is divided by a.
10
Let v(q) = q**2 + q - 40. Suppose 0 = -22*i - 92 - 106. Calculate the remainder when v(i) is divided by 22.
10
Let d = 31 - 17. Suppose 0 = -3*i - 25 + 82. Let k = i - 11. What is the remainder when d is divided by k?
6
Calculate the remainder when 248 - ((-70)/(-7) + -6) is divided by 49.
48
Suppose 4*d - 1064 = 4*t, 9*d - 5*t + 838 = 12*d. What is the remainder when d is divided by 64?
15
Let w(f) = -44*f - 596. What is the remainder when 341 is divided by w(-16)?
17
Let u(d) = -11*d**3 + 5*d**2 + 5*d + 2. Let x be u(-1). Let f(b) = 27 + 14*b - 2 + 0*b + 31. Calculate the remainder when f(x) is divided by 48.
46
Let o(f) = -f + 136. What is the remainder when 462 is divided by o(-16)?
6
Let c(d) = -d**2 - 2*d + 40. Let n be c(-7). Suppose 5*y - t = 1288, 2*y + 9*t - n*t = 502. Calculate the remainder when y is divided by 26.
23
Suppose 2*b - 638 = -2*a - 0*a, 3*b + 299 = a. Calculate the remainder when a is divided by 82.
68
Let l = -75 - -32. Let t = l - -43. Suppose j + 22 - 46 = t. Calculate the remainder when 142 is divided by j.
22
What is the remainder when ((-60)/(-16)*-2)/((-35)/1890) is divided by ((-2)/4)/(8/(-1648))?
96
Let m = 106 - 23. Let g = m + -66. Let c(f) = f**2 - 12*f - 44. Calculate the remainder when c(g) is divided by 6.
5
Let p be (4/6)/((-14)/12 + 1). Let t(q) = 14*q + 69. Calculate the remainder when 13 is divided by t(p).
0
Let b(p) = -30*p - 40. Let k be b(-6). Suppose 12*g - k = 5*g. Let t = 43 - g. What is the remainder when t is divided by 13?
10
Let o(s) = 3*s**2 - 4*s + 4. Suppose -12 = 22*v - 26*v. Calculate the remainder when (-2 - 40/(-3))*3 is divided by o(v).
15
Suppose -211*c + 338311 = -1067582. What is the remainder when c is divided by 31?
29
Suppose -j - j = -16. Suppose 0 = -4*i + 2*d - 26, 6*i + j = 4*i - 4*d. What is the remainder when 65 is divided by (-88)/i + 12/(-18)?
9
Suppose r - 22 = 3*f - 7*f, 3*f - 25 = -5*r. Calculate the remainder when 7/((-45)/10 - -5) is divided by f.
4
Let v = 81 - 15. Calculate the remainder when (17 + 364/(-14))/(-5 + 416/88) is divided by 2/4 - v/(-4).
16
Let n = 3739 - 3168. Suppose -4*y + 104 = -0*y. Calculate the remainder when n is divided by y.
25
Let c = -889 - -947. What is the remainder when 99 is divided by c?
41
Suppose -16*l + 622 = -1746. Let d = 157 - l. What is the remainder when 53 is divided by d?
8
Suppose -2*t = -7*j + 2*j - 584, 4*t = 3*j + 1182. Calculate the remainder when t is divided by 23.
21
What is the remainder when 466 is divided by (-10)/(-2)*-1*(-1769)/145?
39
Let m(x) = -3*x**3 + 124*x**2 - 159*x - 28. Calculate the remainder when 871 is divided by m(40).
7
Suppose 5*b + 1 = 2*b - 2*m, 9 = -2*b - 3*m. Let g(p) = 23*p + 72 + 66 + 63 - 205. What is the remainder when g(b) is divided by 33?
32
Let o(f) be the third derivative of f**5/60 + 5*f**4/24 - 38*f**2. What is the remainder when 54 is divided by o(-7)?
12
Suppose 0 = -5*n + p + 261, -n - 4*p = -5*n + 196. Suppose 0 = -4*h + 2*h + 10. Suppose h*c = 10*c - 95. What is the remainder when n is divided by c?
15
Suppose 0 = 31*q + 41*q - 2520. What is the remainder when 7097 is divided by q?
27
Let u(v) = 56*v + 13. Let c be u(3). Suppose -c = 2*y - 581. Calculate the remainder when y is divided by 17.
13
Let f = -4 + 11. Let w(v) = -v**2 + 3*v + 240. Suppose 2*b + 5*y + 8 = 0, 9*b + 5*y = 14*b + 90. What is the remainder when f is divided by w(b)?
1
Suppose 98*f - 116*f = -14076. What is the remainder when f is divided by 66?
56
Let y = 7592 + -7457. Calculate the remainder when y is divided by 48.
39
Let y(d) = 57*d - 1010. Calculate the remainder when 450 is divided by y(24).
92
What is the remainder when ((-60)/(-16))/(46008/15328 + -3) is divided by 792?
19
What is the remainder when 1530 is divided by (-10)/4 + 13923/18 + -13?
14
Let m(y) = -296*y**3 - 11*y**2 - 33*y - 59. Calculate the remainder when 4683 is divided by m(-2).
21
Suppose 552 = -55*v - 30*v + 4292. What is the remainder when 964 is divided by v?
40
Let d(w) = 150*w**2 - 140*w - 3. Suppose 3*v = v + 212. What is the remainder when v is divided by d(1)?
1
Let a(s) be the second derivative of -13*s**3/6 + 103*s**2 - 36*s. What is the remainder when 500 is divided by a(11)?
59
Suppose -257*t + 105336 = -86*t. Calculate the remainder when t is divided by 152.
8
Let r be 39/12 + (-8)/32. Suppose -118 = -5*m - 3*a, 3*m = 7*a - r*a + 65. Calculate the remainder when 64 is divided by m.
18
What is the remainder when (15*2)/(4/8) is divided by 12 - (-2 - 1 - -13) - (-30 + 1)?
29
Let f = 236 + -231. Suppose 0 = f*l - 3*g - 109, 7*l + g - 48 = 5*l. What is the remainder when 83 is divided by l?
14
Let h = 111 + -109. Suppose h*f - 15 = -3*f. Suppose -104 = -5*r - 6*w + 3*w, -51 = -3*r + 2*w. What is the remainder when r is divided by f?
1
Suppose -2*j - 44 = -2*f, 4*f = -j + 30 + 58. Let g = 44 + 149. What is the remainder when g is divided by f?
17
Suppose -5*n = -2*t + 63, 4*t - 189*n + 186*n - 147 = 0. Calculate the remainder when 1673 is divided by t.
35
Suppose -16*h + 7163 = 13*h. Suppose 3*s + 82 = -3*i + h, -4*s + 3*i + 241 = 0. What is the remainder when s is divided by 4?
2
Calculate the remainder when 377 is divided by 6/9 + (-247)/(-39) - -98.
62
Let l = 19 - -2. Let h = -584 + 63